{"id":1571,"date":"2025-06-19T08:01:45","date_gmt":"2025-06-19T06:01:45","guid":{"rendered":"http:\/\/www.strojansek.com\/?page_id=1571"},"modified":"2025-06-30T07:36:18","modified_gmt":"2025-06-30T05:36:18","slug":"sistemi-za-recikliranje-asfalta","status":"publish","type":"page","link":"https:\/\/www.strojansek.com\/index.php\/sistemi-za-recikliranje-asfalta\/","title":{"rendered":"Sistemi za recikliranje asfalta"},"content":{"rendered":"\t\t<div data-elementor-type=\"wp-page\" data-elementor-id=\"1571\" class=\"elementor elementor-1571\">\n\t\t\t\t<div class=\"elementor-element elementor-element-6b2ed7ca e-flex e-con-boxed e-con e-parent\" data-id=\"6b2ed7ca\" data-element_type=\"container\" data-e-type=\"container\">\n\t\t\t\t\t<div class=\"e-con-inner\">\n\t\t\t\t<div class=\"elementor-element elementor-element-2e7a5f62 elementor-widget elementor-widget-text-editor\" data-id=\"2e7a5f62\" data-element_type=\"widget\" data-e-type=\"widget\" data-widget_type=\"text-editor.default\">\n\t\t\t\t<div class=\"elementor-widget-container\">\n\t\t\t\t\t\t\t\t\t<p><\/p>\n<p style=\"text-align: left;\">V na\u0161em podjetju razvijamo in izdelujemo opremo, ki omogo\u010da u\u010dinkovito ponovno uporabo starega, frezanega asfalta v procesu proizvodnje. Na\u0161a tehnologija temelji na dolgoletnih izku\u0161njah in omogo\u010da razli\u010dne <strong>stopnje vklju\u010devanja recikliranega materiala (RAP)<\/strong>, od osnovnih re\u0161itev do popolnoma integriranih sistemov.<\/p>\n<p><\/p>\n<h4 class=\"wp-block-heading\">Re\u0161itve glede na obseg recikla\u017ee:<\/h4>\n<p><\/p>\n<ul class=\"wp-block-list\"><p><\/p>\n<li><strong>Dodajanje recikliranega asfalta neposredno v me\u0161alec<\/strong><br>Enostavna re\u0161itev, primerna za ve\u010dino obstoje\u010dih asfaltnih baz, omogo\u010da do <strong>20\u202f% dele\u017e recikliranega asfalta<\/strong> v me\u0161anici. Postopek vklju\u010duje nadgradnjo z dozirnim sistemom.<\/li>\n<p><\/p>\n<li><strong>Zamenjava ali predelava su\u0161ilnega bobna z vstopno odprtino za RAP<\/strong><br>Ta napredna re\u0161itev omogo\u010da <strong>do 50\u202f% dele\u017e recikliranega asfalta<\/strong>, z minimalno toplotno obremenitvijo bitumna. Sistem vklju\u010duje dozirni sistem za dovod materiala v nov su\u0161ilni boben, kjer se reciklirani material segreje do primerne temperature.<\/li>\n<p><\/p><\/ul>\n<p><\/p>\n<h4 class=\"wp-block-heading\">Prednosti na\u0161ih sistemov:<\/h4>\n<p><\/p>\n<ul class=\"wp-block-list\"><p><\/p>\n<li>Zmanj\u0161anje stro\u0161kov surovin<\/li>\n<p><\/p>\n<li>Manj\u0161a poraba energije in emisij<\/li>\n<p><\/p>\n<li>Mo\u017enost nadgradnje obstoje\u010de opreme<\/li>\n<p><\/p>\n<li>Zdru\u017eljivost z razli\u010dnimi vrstami asfaltnih baz<\/li>\n<p><\/p><\/ul>\n<p><\/p>\n<p>Na\u0161i sistemi za recikla\u017eo so prilagodljivi in jih je mogo\u010de vklju\u010diti v obstoje\u010de procese ali na\u010drtovati v okviru novih asfaltnih obratov. Poskrbimo za celoten postopek \u2013 od na\u010drtovanja in izdelave do monta\u017ee in optimizacije v praksi.<\/p>\n<p><\/p>\n<p>Za ve\u010d informacij nas kontaktirajte \u2013 skupaj bomo poiskali re\u0161itev, ki bo najbolje ustrezala va\u0161im tehnolo\u0161kim in ekonomskim ciljem.<\/p>\n<p><\/p>\t\t\t\t\t\t\t\t<\/div>\n\t\t\t\t<\/div>\n\t\t\t\t\t<\/div>\n\t\t\t\t<\/div>\n\t\t<div class=\"elementor-element elementor-element-a10d17b e-grid e-con-boxed e-con e-parent\" data-id=\"a10d17b\" data-element_type=\"container\" data-e-type=\"container\">\n\t\t\t\t\t<div class=\"e-con-inner\">\n\t\t\t\t<div class=\"elementor-element elementor-element-e809d03 elementor-widget elementor-widget-image\" data-id=\"e809d03\" data-element_type=\"widget\" data-e-type=\"widget\" data-widget_type=\"image.default\">\n\t\t\t\t<div class=\"elementor-widget-container\">\n\t\t\t\t\t\t\t\t\t\t\t\t\t\t\t<img fetchpriority=\"high\" decoding=\"async\" width=\"819\" height=\"1024\" src=\"https:\/\/www.strojansek.com\/wp-content\/uploads\/2025\/06\/gemaks-819x1024.jpg\" class=\"attachment-large size-large wp-image-1574\" alt=\"Strugani asfalt u me\u0161alicu\" srcset=\"https:\/\/www.strojansek.com\/wp-content\/uploads\/2025\/06\/gemaks-819x1024.jpg 819w, https:\/\/www.strojansek.com\/wp-content\/uploads\/2025\/06\/gemaks-240x300.jpg 240w, https:\/\/www.strojansek.com\/wp-content\/uploads\/2025\/06\/gemaks-768x960.jpg 768w, https:\/\/www.strojansek.com\/wp-content\/uploads\/2025\/06\/gemaks.jpg 1200w\" sizes=\"(max-width: 819px) 100vw, 819px\" \/>\t\t\t\t\t\t\t\t\t\t\t\t\t\t\t<\/div>\n\t\t\t\t<\/div>\n\t\t\t\t<div class=\"elementor-element elementor-element-798a90f elementor-widget elementor-widget-image\" data-id=\"798a90f\" data-element_type=\"widget\" data-e-type=\"widget\" data-widget_type=\"image.default\">\n\t\t\t\t<div class=\"elementor-widget-container\">\n\t\t\t\t\t\t\t\t\t\t\t\t\t\t\t<img decoding=\"async\" width=\"819\" height=\"1024\" src=\"https:\/\/www.strojansek.com\/wp-content\/uploads\/2025\/06\/011-DRNOVO-RECIKLIRANI-ASFALT-11-2018-819x1024.jpg\" class=\"attachment-large size-large wp-image-1573\" alt=\"Dozator struganog asfalta\" srcset=\"https:\/\/www.strojansek.com\/wp-content\/uploads\/2025\/06\/011-DRNOVO-RECIKLIRANI-ASFALT-11-2018-819x1024.jpg 819w, https:\/\/www.strojansek.com\/wp-content\/uploads\/2025\/06\/011-DRNOVO-RECIKLIRANI-ASFALT-11-2018-240x300.jpg 240w, https:\/\/www.strojansek.com\/wp-content\/uploads\/2025\/06\/011-DRNOVO-RECIKLIRANI-ASFALT-11-2018-768x960.jpg 768w, https:\/\/www.strojansek.com\/wp-content\/uploads\/2025\/06\/011-DRNOVO-RECIKLIRANI-ASFALT-11-2018-1229x1536.jpg 1229w, https:\/\/www.strojansek.com\/wp-content\/uploads\/2025\/06\/011-DRNOVO-RECIKLIRANI-ASFALT-11-2018-1639x2048.jpg 1639w, https:\/\/www.strojansek.com\/wp-content\/uploads\/2025\/06\/011-DRNOVO-RECIKLIRANI-ASFALT-11-2018-scaled.jpg 2048w\" sizes=\"(max-width: 819px) 100vw, 819px\" \/>\t\t\t\t\t\t\t\t\t\t\t\t\t\t\t<\/div>\n\t\t\t\t<\/div>\n\t\t\t\t<div class=\"elementor-element elementor-element-59f16f1 elementor-widget elementor-widget-image\" data-id=\"59f16f1\" data-element_type=\"widget\" data-e-type=\"widget\" data-widget_type=\"image.default\">\n\t\t\t\t<div class=\"elementor-widget-container\">\n\t\t\t\t\t\t\t\t\t\t\t\t\t\t\t<img decoding=\"async\" width=\"819\" height=\"1024\" src=\"https:\/\/www.strojansek.com\/wp-content\/uploads\/2025\/06\/IMG_20250131_105449-819x1024.jpg\" class=\"attachment-large size-large wp-image-1575\" alt=\"Recikla\u017ea frezanog asfalta\" srcset=\"https:\/\/www.strojansek.com\/wp-content\/uploads\/2025\/06\/IMG_20250131_105449-819x1024.jpg 819w, https:\/\/www.strojansek.com\/wp-content\/uploads\/2025\/06\/IMG_20250131_105449-240x300.jpg 240w, https:\/\/www.strojansek.com\/wp-content\/uploads\/2025\/06\/IMG_20250131_105449-768x960.jpg 768w, https:\/\/www.strojansek.com\/wp-content\/uploads\/2025\/06\/IMG_20250131_105449-1229x1536.jpg 1229w, https:\/\/www.strojansek.com\/wp-content\/uploads\/2025\/06\/IMG_20250131_105449-1638x2048.jpg 1638w, https:\/\/www.strojansek.com\/wp-content\/uploads\/2025\/06\/IMG_20250131_105449.jpg 1840w\" sizes=\"(max-width: 819px) 100vw, 819px\" \/>\t\t\t\t\t\t\t\t\t\t\t\t\t\t\t<\/div>\n\t\t\t\t<\/div>\n\t\t\t\t<div class=\"elementor-element elementor-element-5c0d709 elementor-widget elementor-widget-image\" data-id=\"5c0d709\" data-element_type=\"widget\" data-e-type=\"widget\" data-widget_type=\"image.default\">\n\t\t\t\t<div class=\"elementor-widget-container\">\n\t\t\t\t\t\t\t\t\t\t\t\t\t\t\t<img loading=\"lazy\" decoding=\"async\" width=\"819\" height=\"1024\" src=\"https:\/\/www.strojansek.com\/wp-content\/uploads\/2025\/06\/IMG_20250131_105824-819x1024.jpg\" class=\"attachment-large size-large wp-image-1576\" alt=\"Dozator frezani strugani asfalt\" srcset=\"https:\/\/www.strojansek.com\/wp-content\/uploads\/2025\/06\/IMG_20250131_105824-819x1024.jpg 819w, https:\/\/www.strojansek.com\/wp-content\/uploads\/2025\/06\/IMG_20250131_105824-240x300.jpg 240w, https:\/\/www.strojansek.com\/wp-content\/uploads\/2025\/06\/IMG_20250131_105824-768x960.jpg 768w, https:\/\/www.strojansek.com\/wp-content\/uploads\/2025\/06\/IMG_20250131_105824-1229x1536.jpg 1229w, https:\/\/www.strojansek.com\/wp-content\/uploads\/2025\/06\/IMG_20250131_105824-1638x2048.jpg 1638w, https:\/\/www.strojansek.com\/wp-content\/uploads\/2025\/06\/IMG_20250131_105824.jpg 1840w\" sizes=\"(max-width: 819px) 100vw, 819px\" \/>\t\t\t\t\t\t\t\t\t\t\t\t\t\t\t<\/div>\n\t\t\t\t<\/div>\n\t\t\t\t\t<\/div>\n\t\t\t\t<\/div>\n\t\t\t\t<\/div>\n\t\t","protected":false},"excerpt":{"rendered":"<p>V na\u0161em podjetju razvijamo in izdelujemo opremo, ki omogo\u010da u\u010dinkovito ponovno uporabo starega, frezanega asfalta v procesu proizvodnje. Na\u0161a tehnologija temelji na dolgoletnih izku\u0161njah in omogo\u010da razli\u010dne stopnje vklju\u010devanja recikliranega materiala (RAP), od osnovnih re\u0161itev do popolnoma integriranih sistemov. Re\u0161itve glede na obseg recikla\u017ee: Prednosti na\u0161ih sistemov: Na\u0161i sistemi za recikla\u017eo so prilagodljivi in jih [&hellip;]<\/p>\n","protected":false},"author":2,"featured_media":0,"parent":0,"menu_order":0,"comment_status":"closed","ping_status":"closed","template":"","meta":{"om_disable_all_campaigns":false,"_monsterinsights_skip_tracking":false,"_monsterinsights_sitenote_active":false,"_monsterinsights_sitenote_note":"","_monsterinsights_sitenote_category":0,"site-sidebar-layout":"default","site-content-layout":"","ast-site-content-layout":"default","site-content-style":"default","site-sidebar-style":"default","ast-global-header-display":"","ast-banner-title-visibility":"","ast-main-header-display":"","ast-hfb-above-header-display":"","ast-hfb-below-header-display":"","ast-hfb-mobile-header-display":"","site-post-title":"","ast-breadcrumbs-content":"","ast-featured-img":"","footer-sml-layout":"","ast-disable-related-posts":"","theme-transparent-header-meta":"","adv-header-id-meta":"","stick-header-meta":"","header-above-stick-meta":"","header-main-stick-meta":"","header-below-stick-meta":"","astra-migrate-meta-layouts":"set","ast-page-background-enabled":"default","ast-page-background-meta":{"desktop":{"background-color":"","background-image":"","background-repeat":"repeat","background-position":"center center","background-size":"auto","background-attachment":"scroll","background-type":"","background-media":"","overlay-type":"","overlay-color":"","overlay-opacity":"","overlay-gradient":""},"tablet":{"background-color":"","background-image":"","background-repeat":"repeat","background-position":"center center","background-size":"auto","background-attachment":"scroll","background-type":"","background-media":"","overlay-type":"","overlay-color":"","overlay-opacity":"","overlay-gradient":""},"mobile":{"background-color":"","background-image":"","background-repeat":"repeat","background-position":"center center","background-size":"auto","background-attachment":"scroll","background-type":"","background-media":"","overlay-type":"","overlay-color":"","overlay-opacity":"","overlay-gradient":""}},"ast-content-background-meta":{"desktop":{"background-color":"var(--ast-global-color-5)","background-image":"","background-repeat":"repeat","background-position":"center center","background-size":"auto","background-attachment":"scroll","background-type":"","background-media":"","overlay-type":"","overlay-color":"","overlay-opacity":"","overlay-gradient":""},"tablet":{"background-color":"var(--ast-global-color-5)","background-image":"","background-repeat":"repeat","background-position":"center center","background-size":"auto","background-attachment":"scroll","background-type":"","background-media":"","overlay-type":"","overlay-color":"","overlay-opacity":"","overlay-gradient":""},"mobile":{"background-color":"var(--ast-global-color-5)","background-image":"","background-repeat":"repeat","background-position":"center center","background-size":"auto","background-attachment":"scroll","background-type":"","background-media":"","overlay-type":"","overlay-color":"","overlay-opacity":"","overlay-gradient":""}},"footnotes":""},"class_list":["post-1571","page","type-page","status-publish","hentry"],"aioseo_notices":[],"_links":{"self":[{"href":"https:\/\/www.strojansek.com\/index.php\/wp-json\/wp\/v2\/pages\/1571","targetHints":{"allow":["GET"]}}],"collection":[{"href":"https:\/\/www.strojansek.com\/index.php\/wp-json\/wp\/v2\/pages"}],"about":[{"href":"https:\/\/www.strojansek.com\/index.php\/wp-json\/wp\/v2\/types\/page"}],"author":[{"embeddable":true,"href":"https:\/\/www.strojansek.com\/index.php\/wp-json\/wp\/v2\/users\/2"}],"replies":[{"embeddable":true,"href":"https:\/\/www.strojansek.com\/index.php\/wp-json\/wp\/v2\/comments?post=1571"}],"version-history":[{"count":10,"href":"https:\/\/www.strojansek.com\/index.php\/wp-json\/wp\/v2\/pages\/1571\/revisions"}],"predecessor-version":[{"id":1663,"href":"https:\/\/www.strojansek.com\/index.php\/wp-json\/wp\/v2\/pages\/1571\/revisions\/1663"}],"wp:attachment":[{"href":"https:\/\/www.strojansek.com\/index.php\/wp-json\/wp\/v2\/media?parent=1571"}],"curies":[{"name":"wp","href":"https:\/\/api.w.org\/{rel}","templated":true}]}}